{"id":28,"date":"2020-02-25T08:55:21","date_gmt":"2020-02-25T07:55:21","guid":{"rendered":"http:\/\/sklepchristiana.pl\/?page_id=28"},"modified":"2020-03-25T18:00:47","modified_gmt":"2020-03-25T17:00:47","slug":"ziola","status":"publish","type":"page","link":"http:\/\/sklepchristiana.pl\/?page_id=28","title":{"rendered":"Zio\u0142a"},"content":{"rendered":"<p>Zio\u0142a naturalnie wspomagaj\u0105 nasz organizm w walce z wirusami , bakteriami. Poprawiaj\u0105 funkcjonowanie uk\u0142adu immunologicznego co przek\u0142ada si\u0119 na lepsze funkcjonowanie naszego organizmu. W naszym sklepie dost\u0119pne wyroby zio\u0142owe Ojca Grzegorza Sroki znanego zakonnika z Rychwa\u0142du. Na dzie\u0144 dzisiejszy polecamy witamin\u0119 C kt\u00f3ra zawiera ekstrakty z owoc\u00f3w r\u00f3\u017cy i aceroli oraz kwiatu hibiskusa. W sprzeda\u017cy herbaty, napary, nalewki, mazid\u0142a, tabletki, miody, elixsiry, kapsu\u0142ki. Zapraszamy do zapoznania si\u0119 z ofert\u0105.<br \/>\nOjciec Grzegorz Sroka by\u0142 znanym zakonnikiem kt\u00f3ry odkry\u0142 naturalne w\u0142a\u015bciwo\u015bci lecznicze zi\u00f3\u0142, specjalne dobrane mieszanki do dzisiaj wspomagaj\u0105 nasz organizm w walce z chorobami i innymi dolegliwo\u015bciami.<br \/>\nMiody &#8211; nasze miody s\u0105 w 100 % naturalne, tylko takie miody bez domieszek maj\u0105 wspania\u0142y wp\u0142yw na stan naszego organizmu oraz smakuj\u0105 wy\u015bmienicie.<br \/>\nLampy solne \/ nagrzana bry\u0142a soli nasyca powietrze jonami ujemnymi, likwiduje szkodliwe dla zdrowia jonizowanie dodatnie , dzi\u0119ki czemu poprawia jako\u015b\u0107 powietrza oraz samopoczucie.<\/p>\n<div id='gallery-1' class='gallery galleryid-28 gallery-columns-3 gallery-size-thumbnail'><figure class='gallery-item'>\n\t\t\t<div class='gallery-icon portrait'>\n\t\t\t\t<a href='http:\/\/sklepchristiana.pl\/?attachment_id=169'><img loading=\"lazy\" decoding=\"async\" width=\"150\" height=\"150\" src=\"http:\/\/sklepchristiana.pl\/wp-content\/uploads\/2020\/02\/PHOTO-2020-02-26-15-56-26-150x150.jpg\" class=\"attachment-thumbnail size-thumbnail\" alt=\"\" \/><\/a>\n\t\t\t<\/div><\/figure><figure class='gallery-item'>\n\t\t\t<div class='gallery-icon portrait'>\n\t\t\t\t<a href='http:\/\/sklepchristiana.pl\/?attachment_id=167'><img loading=\"lazy\" decoding=\"async\" width=\"150\" height=\"150\" src=\"http:\/\/sklepchristiana.pl\/wp-content\/uploads\/2020\/02\/PHOTO-2020-02-26-15-54-48-150x150.jpg\" class=\"attachment-thumbnail size-thumbnail\" alt=\"\" srcset=\"http:\/\/sklepchristiana.pl\/wp-content\/uploads\/2020\/02\/PHOTO-2020-02-26-15-54-48-150x150.jpg 150w, http:\/\/sklepchristiana.pl\/wp-content\/uploads\/2020\/02\/PHOTO-2020-02-26-15-54-48-300x300.jpg 300w, http:\/\/sklepchristiana.pl\/wp-content\/uploads\/2020\/02\/PHOTO-2020-02-26-15-54-48-768x769.jpg 768w, http:\/\/sklepchristiana.pl\/wp-content\/uploads\/2020\/02\/PHOTO-2020-02-26-15-54-48-1024x1024.jpg 1024w, http:\/\/sklepchristiana.pl\/wp-content\/uploads\/2020\/02\/PHOTO-2020-02-26-15-54-48.jpg 1598w\" sizes=\"auto, (max-width: 150px) 100vw, 150px\" \/><\/a>\n\t\t\t<\/div><\/figure><figure class='gallery-item'>\n\t\t\t<div class='gallery-icon landscape'>\n\t\t\t\t<a href='http:\/\/sklepchristiana.pl\/?attachment_id=166'><img loading=\"lazy\" decoding=\"async\" width=\"150\" height=\"150\" src=\"http:\/\/sklepchristiana.pl\/wp-content\/uploads\/2020\/02\/PHOTO-2020-02-26-15-54-17-150x150.jpg\" class=\"attachment-thumbnail size-thumbnail\" alt=\"\" \/><\/a>\n\t\t\t<\/div><\/figure><figure class='gallery-item'>\n\t\t\t<div class='gallery-icon portrait'>\n\t\t\t\t<a href='http:\/\/sklepchristiana.pl\/?attachment_id=165'><img loading=\"lazy\" decoding=\"async\" width=\"150\" height=\"150\" src=\"http:\/\/sklepchristiana.pl\/wp-content\/uploads\/2020\/02\/PHOTO-2020-02-26-15-53-49-150x150.jpg\" class=\"attachment-thumbnail size-thumbnail\" alt=\"\" \/><\/a>\n\t\t\t<\/div><\/figure><figure class='gallery-item'>\n\t\t\t<div class='gallery-icon portrait'>\n\t\t\t\t<a href='http:\/\/sklepchristiana.pl\/?attachment_id=164'><img loading=\"lazy\" decoding=\"async\" width=\"150\" height=\"150\" src=\"http:\/\/sklepchristiana.pl\/wp-content\/uploads\/2020\/02\/PHOTO-2020-02-26-15-53-07-150x150.jpg\" class=\"attachment-thumbnail size-thumbnail\" alt=\"\" \/><\/a>\n\t\t\t<\/div><\/figure><figure class='gallery-item'>\n\t\t\t<div class='gallery-icon landscape'>\n\t\t\t\t<a href='http:\/\/sklepchristiana.pl\/?attachment_id=163'><img loading=\"lazy\" decoding=\"async\" width=\"150\" height=\"150\" src=\"http:\/\/sklepchristiana.pl\/wp-content\/uploads\/2020\/02\/PHOTO-2020-02-26-15-52-28-150x150.jpg\" class=\"attachment-thumbnail size-thumbnail\" alt=\"\" \/><\/a>\n\t\t\t<\/div><\/figure><figure class='gallery-item'>\n\t\t\t<div class='gallery-icon portrait'>\n\t\t\t\t<a href='http:\/\/sklepchristiana.pl\/?attachment_id=162'><img loading=\"lazy\" decoding=\"async\" width=\"150\" height=\"150\" src=\"http:\/\/sklepchristiana.pl\/wp-content\/uploads\/2020\/02\/PHOTO-2020-02-26-15-35-59-150x150.jpg\" class=\"attachment-thumbnail size-thumbnail\" alt=\"\" \/><\/a>\n\t\t\t<\/div><\/figure><figure class='gallery-item'>\n\t\t\t<div class='gallery-icon landscape'>\n\t\t\t\t<a href='http:\/\/sklepchristiana.pl\/?attachment_id=161'><img loading=\"lazy\" decoding=\"async\" width=\"150\" height=\"150\" src=\"http:\/\/sklepchristiana.pl\/wp-content\/uploads\/2020\/02\/PHOTO-2020-02-26-15-35-42-150x150.jpg\" class=\"attachment-thumbnail size-thumbnail\" alt=\"\" \/><\/a>\n\t\t\t<\/div><\/figure><figure class='gallery-item'>\n\t\t\t<div class='gallery-icon landscape'>\n\t\t\t\t<a href='http:\/\/sklepchristiana.pl\/?attachment_id=159'><img loading=\"lazy\" decoding=\"async\" width=\"150\" height=\"150\" src=\"http:\/\/sklepchristiana.pl\/wp-content\/uploads\/2020\/02\/PHOTO-2020-02-26-15-35-28-150x150.jpg\" class=\"attachment-thumbnail size-thumbnail\" alt=\"\" \/><\/a>\n\t\t\t<\/div><\/figure><figure class='gallery-item'>\n\t\t\t<div class='gallery-icon landscape'>\n\t\t\t\t<a href='http:\/\/sklepchristiana.pl\/?attachment_id=160'><img loading=\"lazy\" decoding=\"async\" width=\"150\" height=\"150\" src=\"http:\/\/sklepchristiana.pl\/wp-content\/uploads\/2020\/02\/PHOTO-2020-02-26-15-35-36-150x150.jpg\" class=\"attachment-thumbnail size-thumbnail\" alt=\"\" \/><\/a>\n\t\t\t<\/div><\/figure><figure class='gallery-item'>\n\t\t\t<div class='gallery-icon landscape'>\n\t\t\t\t<a href='http:\/\/sklepchristiana.pl\/?attachment_id=158'><img loading=\"lazy\" decoding=\"async\" width=\"150\" height=\"150\" src=\"http:\/\/sklepchristiana.pl\/wp-content\/uploads\/2020\/02\/PHOTO-2020-02-26-15-35-20-150x150.jpg\" class=\"attachment-thumbnail size-thumbnail\" alt=\"\" \/><\/a>\n\t\t\t<\/div><\/figure><figure class='gallery-item'>\n\t\t\t<div class='gallery-icon portrait'>\n\t\t\t\t<a href='http:\/\/sklepchristiana.pl\/?attachment_id=157'><img loading=\"lazy\" decoding=\"async\" width=\"150\" height=\"150\" src=\"http:\/\/sklepchristiana.pl\/wp-content\/uploads\/2020\/02\/PHOTO-2020-02-26-15-35-16-150x150.jpg\" class=\"attachment-thumbnail size-thumbnail\" alt=\"\" \/><\/a>\n\t\t\t<\/div><\/figure>\n\t\t<\/div>\n\n","protected":false},"excerpt":{"rendered":"<p>Zio\u0142a naturalnie wspomagaj\u0105 nasz organizm w walce z wirusami , bakteriami. Poprawiaj\u0105 funkcjonowanie uk\u0142adu immunologicznego co przek\u0142ada si\u0119 na lepsze funkcjonowanie naszego organizmu. W naszym sklepie dost\u0119pne wyroby zio\u0142owe Ojca Grzegorza Sroki znanego zakonnika z Rychwa\u0142du. Na dzie\u0144 dzisiejszy polecamy witamin\u0119 C kt\u00f3ra zawiera ekstrakty z owoc\u00f3w r\u00f3\u017cy i aceroli oraz kwiatu hibiskusa. W sprzeda\u017cy &hellip; <a href=\"http:\/\/sklepchristiana.pl\/?page_id=28\" class=\"more-link\">Czytaj dalej <span class=\"screen-reader-text\">Zio\u0142a<\/span> <span class=\"meta-nav\">&rarr;<\/span><\/a><\/p>\n","protected":false},"author":1,"featured_media":0,"parent":152,"menu_order":0,"comment_status":"closed","ping_status":"closed","template":"","meta":{"footnotes":""},"class_list":["post-28","page","type-page","status-publish","hentry"],"_links":{"self":[{"href":"http:\/\/sklepchristiana.pl\/index.php?rest_route=\/wp\/v2\/pages\/28","targetHints":{"allow":["GET"]}}],"collection":[{"href":"http:\/\/sklepchristiana.pl\/index.php?rest_route=\/wp\/v2\/pages"}],"about":[{"href":"http:\/\/sklepchristiana.pl\/index.php?rest_route=\/wp\/v2\/types\/page"}],"author":[{"embeddable":true,"href":"http:\/\/sklepchristiana.pl\/index.php?rest_route=\/wp\/v2\/users\/1"}],"replies":[{"embeddable":true,"href":"http:\/\/sklepchristiana.pl\/index.php?rest_route=%2Fwp%2Fv2%2Fcomments&post=28"}],"version-history":[{"count":8,"href":"http:\/\/sklepchristiana.pl\/index.php?rest_route=\/wp\/v2\/pages\/28\/revisions"}],"predecessor-version":[{"id":298,"href":"http:\/\/sklepchristiana.pl\/index.php?rest_route=\/wp\/v2\/pages\/28\/revisions\/298"}],"up":[{"embeddable":true,"href":"http:\/\/sklepchristiana.pl\/index.php?rest_route=\/wp\/v2\/pages\/152"}],"wp:attachment":[{"href":"http:\/\/sklepchristiana.pl\/index.php?rest_route=%2Fwp%2Fv2%2Fmedia&parent=28"}],"curies":[{"name":"wp","href":"https:\/\/api.w.org\/{rel}","templated":true}]}}